s 4240729513 a composite number?
True
Is 10089556741 prime?
False
Is 183360943 composite?
True
Is 124613359249 a composite number?
False
Is 2673969989 a prime number?
True
Is 31314585697 prime?
False
Is 13615804669 a prime number?
False
Is 353176179 a composite number?
True
Is 119737400099 a composite number?
False
Is 70834289 a composite number?
False
Is 4325815811 a prime number?
True
Is 19051328363 prime?
True
Is 3307095241 a prime number?
True
Is 23447329 prime?
False
Is 141858291683 a composite number?
True
Is 861390163 composite?
True
Is 1747389613 a prime number?
False
Is 29560463189 composite?
False
Is 22275313 composite?
False
Is 328151759 a composite number?
True
Is 1241431123 a prime number?
False
Is 6796826711 composite?
False
Is 1316707261 a composite number?
False
Is 86044489 prime?
False
Is 1412870411 composite?
True
Is 4016097793 prime?
True
Is 62094821623 a composite number?
True
Is 2183762561 composite?
True
Is 68881294927 prime?
False
Is 480349997 prime?
False
Is 1584037582 a prime number?
False
Is 556869497 prime?
False
Is 210206121641 a composite number?
False
Is 21660239 prime?
True
Is 368352785 a prime number?
False
Is 529407413 prime?
False
Is 24550384601 prime?
True
Is 398405051 a composite number?
True
Is 32997959 composite?
True
Is 17100684869 a prime number?
True
Is 2252861173 a composite number?
False
Is 542582045 composite?
True
Is 59423601313 a prime number?
False
Is 50233473727 a prime number?
True
Is 8159493547 composite?
True
Is 19005973499 composite?
False
Is 24718565 a composite number?
True
Is 2878493887 composite?
False
Is 876733651 prime?
True
Is 2588976443 a composite number?
False
Is 189659117 composite?
False
Is 25017307366 a prime number?
False
Is 31948909561 a prime number?
False
Is 4756947031 a prime number?
False
Is 2553183377 a prime number?
False
Is 64166236949 prime?
True
Is 1590118895 a composite number?
True
Is 47111239 a prime number?
False
Is 434016551 a prime number?
True
Is 358952761 a composite number?
False
Is 46120919 a composite number?
True
Is 15404333647 prime?
True
Is 13458769513 a composite number?
True
Is 40873891 prime?
False
Is 1003016243 prime?
False
Is 5439590749 a prime number?
False
Is 3388382539 a composite number?
False
Is 248722811 prime?
True
Is 20060141719 composite?
True
Is 9937600109 composite?
False
Is 476644039 a prime number?
False
Is 18312230617 a composite number?
False
Is 4799443783 prime?
True
Is 1369015621 a prime number?
True
Is 523847167 prime?
True
Is 338958661 a prime number?
False
Is 5429085757 a composite number?
False
Is 8931731 a composite number?
False
Is 38708409097 composite?
True
Is 582141293 a prime number?
False
Is 9884267293 composite?
False
Is 245193190061 a prime number?
True
Is 8455271381 a prime number?
True
Is 192510715 a prime number?
False
Is 4288403533 a prime number?
True
Is 1160310091 prime?
False
Is 29983648489 a composite number?
True
Is 6562110701 composite?
True
Is 2699982221 a prime number?
False
Is 747807701 a prime number?
False
Is 406896449 composite?
False
Is 14497837457 a prime number?
False
Is 3221838013 a composite number?
True
Is 180491181337 composite?
True
Is 42714710339 a prime number?
False
Is 48701839369 a composite number?
False
Is 65703245 prime?
False
Is 506288819 prime?
True
Is 23035724419 a composite number?
False
Is 507873923 a composite number?
True
Is 5729538511 composite?
False
Is 76269481 a composite number?
False
Is 14572867259 composite?
False
Is 114794593 composite?
False
Is 2154823889 a composite number?
False
Is 1468169797 composite?
True
Is 18779246107 a prime number?
True
Is 624118357 a composite number?
True
Is 16366278802 prime?
False
Is 647311151 a prime number?
False
Is 1604195729 a composite number?
True
Is 23333857457 a composite number?
True
Is 570836347 a composite number?
False
Is 734528969 a composite number?
True
Is 22113584527 composite?
True
Is 21102779987 prime?
True
Is 1363151737 a composite number?
True
Is 413049893 a prime number?
False
Is 9152023821 a prime number?
False
Is 242003467 composite?
False
Is 6875143147 prime?
True
Is 35565751841 composite?
True
Is 2498000423 composite?
True
Is 3849616129 a prime number?
False
Is 141426911 prime?
True
Is 53304484582 a prime number?
False
Is 425067277 composite?
False
Is 51806812377 prime?
False
Is 323735273 a prime number?
False
Is 20728722661 prime?
False
Is 34638257 composite?
False
Is 558904999 a composite number?
False
Is 1337966687 composite?
True
Is 19830984469 a composite number?
True
Is 539357779 a prime number?
True
Is 551672111 composite?
False
Is 995796091 a prime number?
False
Is 734113789 a composite number?
True
Is 1732584941 a composite number?
True
Is 20187805751 composite?
False
Is 8597485249 a prime number?
True
Is 22890059501 prime?
False
Is 245498167 a prime number?
True
Is 2144373227 composite?
True
Is 55176157 composite?
False
Is 1032361441 a composite number?
True
Is 2488146701 a prime number?
True
Is 47474385367 a prime number?
False
Is 2284520767 a composite number?
False
Is 3515743607 a prime number?
True
Is 2344227269 prime?
False
Is 17201950483 a composite number?
True
Is 1153366363 a composite number?
True
Is 965653646 a prime number?
False
Is 296753488349 composite?
False
Is 2858576503 prime?
False
Is 6099771247 composite?
True
Is 76380444629 a composite number?
True
Is 12341945827 a prime number?
False
Is 83468617181 prime?
True
Is 7863308107 a prime number?
False
Is 3133507427 composite?
True
Is 39299520389 prime?
True
Is 1308357023 composite?
True
Is 3848202037 a composite number?
True
Is 310103657 prime?
True
Is 1961036321 composite?
True
Is 5945473049 a composite number?
False
Is 115187799473 prime?
True
Is 2812855873 prime?
False
Is 3050577709 a prime number?
True
Is 19277967961 a composite number?
True
Is 169513991929 a composite number?
False
Is 3901601773 a composite number?
False
Is 2105260679 composite?
True
Is 16609116211 prime?
False
Is 100257728411 a composite number?
False
Is 12348254531 a composite number?
True
Is 527487827 prime?
False
Is 6705413651 composite?
True
Is 28815170815 a composite number?
True
Is 13490141339 composite?
False
Is 36400693591 prime?
True
Is 661839313 composite?
True
Is 1062387059 composite?
True
Is 749574859 a prime number?
False
Is 28236452207 composite?
True
Is 11686682641 composite?
True
Is 5042858897 prime?
False
Is 3038989133 a composite number?
False
Is 6092669743 composite?
True
Is 445536001 a composite number?
False
Is 22022446801 a prime number?
False
Is 14429449745 a composite number?
True
Is 7320020839 a composite number?
True
Is 27506881183 a composite number?
False
Is 376937399 prime?
False
Is 2114373787 prime?
True
Is 141352531517 prime?
False
Is 6890860391 a prime number?
True
Is 334164541 a composite number?
False
Is 11564206441 a composite number?
True
Is 39864959 prime?
True
Is 5159312807 a composite number?
True
Is 4611442723 prime?
True
Is 6698515727 a prime number?
True
Is 761136367 prime?
True
Is 40074826931 composite?
False
Is 493184833 prime?
False
Is 5726377031 prime?
True
Is 1201501171 prime?
False
Is 428686429 composite?
False
Is 1223367791 composite?
True
Is 63277010731 a composite number?
True
Is 458783531 composite?
False
Is 5576025727 composite?
True
Is 494831197 composite?
True
Is 41300606483 a prime number?
False
Is 61670210761 a composite number?
True
Is 68480521 a prime number?
False
Is 182284847 prime?
False
Is 4943441683 a composite number?
False
Is 4901921903 a composite number?
True
Is 11231214179 prime?
True
Is 6734548757 a composite number?
False
Is 219716563 a prime number?
False
Is 55471331 a composite number?
True
Is 7393432661 composite?
False
Is 1893307027 a prime number?
True
Is 142691429 a composite number?
True
Is 2003395697 prime?
True
Is 41650065829 a composite number?
False
Is 8360547983 a composite number?
False
Is 8429465969 a prime number?
False
Is 613449121 a composite number?
False
Is 146288723303 composite?
True
Is 5132388421 a prime number?
False
Is 6703671703 a composite number?
False
Is 297965891 prime?
True
Is 8757813059 a composite number?
False
Is 995153267 prime?
False
Is 3324971423 composite?
True
Is 3816163321 composite?
False
Is 3776793679 prime?
False
Is 6714811189 composite?
False
Is 5571690451 